(c) = c - 4. Let a be m(4). Let i = a - 1. Let g = i - -3. What is the units digit of g?
2
Let o(q) = -3*q + 6. What is the tens digit of o(-5)?
2
Suppose 0 = -0*n - 6*n + 390. What is the tens digit of n?
6
Let o = -1 + 0. Let u be 0 + 2 + o + 2. What is the units digit of (2/u)/(4/18)?
3
Suppose 7*w - i + 9 = 3*w, 6 = -w + i. Let h = w - -3. Suppose h*j + 4*b - 18 = -0*j, -3*b + 51 = 4*j. What is the tens digit of j?
1
Let l be (-1)/(4/(-3) + 1). Suppose 5*a + 5 = -15. What is the units digit of (a - -1)/(l/(-9))?
9
Suppose 3*m + n - 38 = 0, -3*m - 4*n + 7*n + 30 = 0. Let u = 22 - m. Suppose 2*t + 3*t = u. What is the units digit of t?
2
What is the tens digit of 1/(-5) + (-101)/(-5)?
2
Let c(x) be the first derivative of x**4/4 - 8*x**3/3 + x**2 - 8*x - 3. What is the units digit of c(8)?
8
Let x be 3*(-40)/6 + -4. What is the tens digit of x/(0 - (-4)/(-4))?
2
Let v = -41 + 71. What is the units digit of v?
0
Suppose p - 4*t - 20 = t, 4*p = 5*t + 20. What is the units digit of -13*(p + (1 - 2))?
3
Suppose 2*t + 5*s + 0*s - 30 = 0, 0 = -4*s. Suppose -3*n = c - t, 3*c = -2*c - 4*n + 75. What is the units digit of c?
5
Let q = 2 + -1. Let a be 4/2 - (0 - q). Suppose -4*l - a + 15 = 0. What is the units digit of l?
3
Let o = -86 - -179. What is the tens digit of o?
9
Suppose 2*a = 4*a + 2*n - 376, 0 = 5*n - 5. What is the tens digit of a?
8
What is the tens digit of 128/10 - (-10)/50?
1
What is the tens digit of ((3 - 5) + 6)/((-2)/(-37))?
7
Let d be -2*3/(-4 - 2). Let t be 2*1 - (d - 1). Let v = t - -1. What is the units digit of v?
3
Let j be 0/2 - 0/(-4). Let d be (-3)/6*j/(-1). Suppose 3*m - 45 = -d*m. What is the units digit of m?
5
Suppose 2*i + 234 = 3*u - i, 0 = -u + 2*i + 76. Let n = u - 42. What is the tens digit of n?
3
Let f = -3 - -9. Suppose -4*v + v = -f. Suppose v*y + y = 6. What is the units digit of y?
2
Suppose 2*z - z + 2 = 5*d, -2*z + 5 = -d. Suppose z*c - c = 76. What is the tens digit of c?
3
Let a(o) = 13*o - 7. Let r be a(9). Suppose 4*u - r = 2*t, 5*u = -3*t - t + 131. What is the tens digit of u?
2
Let u(y) = -y + 32. What is the tens digit of u(-20)?
5
Let r = 3 + -1. Let m be r/10 - 9/(-5). What is the units digit of ((m + -20)/(-2))/1?
9
What is the tens digit of 5/(-15) - (-74)/6?
1
Suppose -5*z + 3 = -4*z. What is the units digit of 1/(2/222*z)?
7
Let v = 4 + -10. Let m = v + 11. Suppose -2*c = -3*f + 30, -2*c - 17 = m*f - 67. What is the units digit of f?
0
Suppose -5*x - 24 = 3*r, 3*x - 3*r = 4*x + 12. Let y be x/(-3) - (-6)/3. Let n = 4 - y. What is the units digit of n?
1
Let y(j) = -6*j**2 - 2*j**3 + 7*j**2 + 9 + j**2 + 11*j**2 - 4*j. What is the tens digit of y(6)?
2
Suppose -39 = -4*j + 13. Suppose j*s = 14*s - 15. What is the tens digit of s?
1
Let l = 74 - 27. Let i = l + -29. What is the units digit of i?
8
Let l be 8/4 - (-3)/3. Suppose -w = l - 16. What is the units digit of w?
3
Let z(c) = -c**3 - 3*c**2 - 4*c - 3. Let m be z(-2). Let w(l) be the first derivative of 2*l**2 - l - 3. What is the units digit of w(m)?
3
Let y(a) = -a**3 - 2*a**2 + a - 2. Let r be y(-2). What is the units digit of ((-14)/r)/((-1)/(-2))?
7
Suppose 2*j + 38 = 3*j. What is the units digit of j?
8
Let u(s) = -s**2 - 3*s + 1. Let g be u(-3). Let b = -2 + 4. What is the units digit of (b/g)/((-4)/(-8))?
4
Let k = 3 + 3. Let b = k + -3. Suppose 5*l + x + 0*x - 21 = 0, b*x - 19 = -4*l. What is the units digit of l?
4
Let r be ((-3)/(-1))/((-15)/(-5)). Suppose -53 = -2*m - r. What is the tens digit of m?
2
What is the units digit of 18/117 - 2310/(-26)?
9
Suppose 9*v - 160 = v. What is the units digit of v?
0
Suppose -v = 4*v + 2*z, 5*z = 2*v. What is the units digit of (-2 + -9 - v)*-1?
1
Let l(u) be the first derivative of 8*u + 0*u**2 + 2*u**3 + 2 - 1/4*u**4. What is the units digit of l(6)?
8
Let r(j) = 2*j**2 + j - 2. Let s be r(2). Let x(n) = -3*n - 5. Let z be x(-8). Let c = z - s. What is the tens digit of c?
1
Let a = 12 - -49. What is the tens digit of a?
6
Suppose -4*y = -4*n - 140, 35 = y - 0*y + n. What is the units digit of y?
5
What is the units digit of 1/((-114)/(-28) - 4)?
4
Suppose -4*t + 4 + 14 = 2*q, -q = 5. Suppose 2*c + t - 23 = 0. Suppose 4*x - c = 2*s, 3*s - x = -0*s + 8. What is the units digit of s?
4
Suppose 0 = 3*j + 3*o - 33, -81 = -5*j - 4*o - 21. What is the tens digit of j?
1
Suppose 0*q - 5*q = -1785. What is the units digit of q?
7
Let p(b) = -b**2 + 6*b - 2. Suppose -5*c + c = 0. Let n be 3 + (6/3 - c). What is the units digit of p(n)?
3
Let i be (-2)/(-5) - 53/(-5). Let w(a) be the third derivative of a**4/24 - a**3/2 - a**2. What is the units digit of w(i)?
8
Let t(u) = u**2 - 4*u + 4. Let h(q) = -q**3 + 3*q**2 + 6*q - 4. Let o be h(4). What is the units digit of t(o)?
4
Suppose 0 = 4*p - p - 57. What is the tens digit of p?
1
Let b be 1/(15/6)*10. Suppose -b*w + 6*w + 6 = 0. What is the tens digit of 4 + w + 20/2?
1
Let n = 3 - -2. Suppose 2*c + l = 7*c - 5, -5 = -n*c - 5*l. What is the units digit of c?
1
Let a(t) = -t - 5. What is the units digit of a(-12)?
7
Let y = 6 - 5. What is the units digit of 0*y/(-3) - -3?
3
Let c(x) = 2*x. Let n be c(-1). Suppose 0*b - 4*b + 20 = 2*t, -4*t - 5 = -b. Let f = n + b. What is the units digit of f?
3
Suppose -2*s + 4 = -10. What is the units digit of s?
7
Let m(j) = 6*j. Let d(f) = 12*f - 1. Let a(w) = w**3 - 3*w**2 + 2. Let x be a(3). Let s(g) = x*d(g) - 5*m(g). What is the units digit of s(-3)?
6
Suppose -2*d = -t - 190, -5*d + 3*d + 5*t + 190 = 0. What is the tens digit of d?
9
Suppose z = -8*z + 279. What is the units digit of z?
1
Suppose -5*v + 24 = -v. Let l = 10 - -1. Let o = l + v. What is the tens digit of o?
1
Let g(j) = -j**2 + 5*j - 5. Let f be g(5). Let h(m) = -5 - 5*m**2 - m**3 + 0*m + m + 12. What is the units digit of h(f)?
2
Suppose -6*k - 724 = -10*k. What is the tens digit of k?
8
Suppose r + 2431 = 12*r. What is the hundreds digit of r?
2
Suppose 2*q + 3 = q + 5*v, -1 = q - 3*v. Suppose q*i - 10 = -0*i. What is the units digit of i?
5
Let x(q) = -q**3 - 19*q**2 + 37*q + 24. What is the units digit of x(-21)?
9
Suppose 0 = -4*a - t + 185, -108 - 123 = -5*a - t. What is the units digit of a?
6
Let t(s) = s + 2. Let w be t(2). Suppose 100 = -0*i + w*i. Let y = i - 12. What is the units digit of y?
3
Suppose 0 = 4*m + 2*f - 242, -4*f + 25 = f. What is the tens digit of m?
5
What is the units digit of 264/9 + 1/(-3)?
9
Let o(p) = p**2 + 3*p + 4 + 2*p - 2*p. What is the units digit of o(-4)?
8
Let i(t) be the third derivative of t**7/1680 + t**6/240 - t**5/15 - t**2. Let r(o) be the third derivative of i(o). What is the tens digit of r(3)?
1
Let h(i) = -i**2 + 13*i - 4. Let s be h(5). Let n = 50 - s. What is the units digit of n?
4
Let o = -2 + 2. Let v = o - 1. Let h = v - -6. What is the units digit of h?
5
Let r be (1 + 1)/(6/9). Let p(b) = b - 11 - b - b**r - 4*b + 9*b**2. What is the tens digit of p(8)?
2
Let c(n) = n**2 - 5*n - 3. Let a be c(5). What is the tens digit of (a/(-12))/(3/348)?
2
Let a be 4/(-10) + (-7)/(-5). What is the units digit of a/(-1)*3*-1?
3
Let f(i) = -i**2 + 4*i + 4. Let g be f(8). Let d = -2 - g. What is the tens digit of d?
2
Suppose 0 = 4*y + 2 + 18. Let m(f) = -4*f + 1. Let d be m(-3). Let u = d + y. What is the units digit of u?
8
Suppose -8*r - 116 = -12*r. What is the units digit of r?
9
What is the units digit of (-10 - 0)*17/(-2)?
5
Suppose 0 = c, -3*q = -6*q + 3*c + 210. What is the tens digit of q?
7
Let i = -124 + 242. Let y = i + -73. What is the tens digit of y?
4
Let n(a) be the second derivative of -8*a**3/3 + a**2/2 - 3*a. What is the units digit of n(-1)?
7
Let q(a) = 6*a**3 + a**2. Let b(t) = t - 2 - 5 + 1 + 5. Let p be b(2). What is the units digit of q(p)?
7
Let c(g) = g**2 + 3*g - 9. Let b(q) = -q**2 - 9*q - 15. Let k be b(-6). What is the units digit of c(k)?
9
Let g = -4 - -18. What is the units digit of g?
4
Let s = 4 + -44. Let m be (s/(-16))/(2/4). Suppose -i + m*i - 24 = 0. What is the units digit of i?
6
Let h(c) = c - 9. Let t be h(8). Let j be 3 - ((t - 1) + 3). Suppose 2*r - 24 = -j*r. What is the units digit of r?
6
Let q = -6 + 6. Let d = 3 + q. Suppose 0 = d*u + 15, 3*i - 3*u - 39 = -0*u. What is the units digit of i?
8
Let q = -235 - -477. What is the tens digit of q?